 40d9a8c?
-40d9a8c
In base 10, what is 10683 + 5821?
16504
In base 5, what is -400241133 + -322?
-400242010
In base 13, what is -1b9b42 + 87?
-1b9a88
In base 13, what is 27 + 47826?
47850
In base 7, what is -62345144 + -5?
-62345152
In base 11, what is -1777 + -41a37?
-43703
In base 12, what is 190 - 49?
143
In base 4, what is 1213 - -112023112?
112030331
In base 7, what is 340100131 + 1?
340100132
In base 10, what is 137 + 98424?
98561
In base 15, what is -1aed4c1 - 0?
-1aed4c1
In base 15, what is -1ddd831 - 4?
-1ddd835
In base 8, what is 5 - 40554422?
-40554415
In base 6, what is -40040232233 + 3?
-40040232230
In base 15, what is 2031c3b + -c?
2031c2e
In base 4, what is -100122120200 - 13023?
-100122133223
In base 12, what is 16 - -2a1b051?
2a1b067
In base 11, what is 6400 + 894?
7194
In base 6, what is 11252 + -331031?
-315335
In base 8, what is -17043 - 27600?
-46643
In base 12, what is -4493b - -24b8?
-42443
In base 13, what is 1061459 - -13?
106146c
In base 8, what is 5 - -2265730?
2265735
In base 6, what is 102002430 + -425?
102002001
In base 2, what is 10010100011100111000110101 - -11?
10010100011100111000111000
In base 16, what is 193 + -f932d?
-f919a
In base 6, what is 24035253222 + -1?
24035253221
In base 8, what is -3240044 + 20?
-3240024
In base 7, what is -1110344463 - 1?
-1110344464
In base 8, what is -1476237 + 2?
-1476235
In base 8, what is -67337062 - -3?
-67337057
In base 3, what is 1122202000222111 + 1?
1122202000222112
In base 14, what is -2d3d823 - -a?
-2d3d817
In base 12, what is 4 - -221ba136?
221ba13a
In base 8, what is 0 - 4104464?
-4104464
In base 15, what is 976d5 + 68?
9774d
In base 15, what is 25 + -4446a?
-44445
In base 3, what is -12020 - 110002100100?
-110002112120
In base 12, what is 2967 - a43?
1b24
In base 6, what is 45 - -15041423?
15041512
In base 14, what is 118d09c - 8?
118d094
In base 16, what is 8e63c9 - 2?
8e63c7
In base 5, what is 142012 + 4102344?
4244411
In base 13, what is 87b1382 - 4?
87b137b
In base 8, what is -162 - 16465?
-16647
In base 2, what is 10 - 1110000011101010110010110110?
-1110000011101010110010110100
In base 16, what is 10 + -138e11?
-138e01
In base 5, what is 1313303 + -10411?
1302342
In base 10, what is -4 - 50031?
-50035
In base 11, what is 5 - 1174652?
-1174648
In base 5, what is 3 - 22133342031?
-22133342023
In base 9, what is -206460225 - 4?
-206460230
In base 15, what is -3 - -3968b6?
3968b3
In base 3, what is 1020012001212 - 11?
1020012001201
In base 5, what is 31130 + -12210023?
-12123343
In base 4, what is -1 + 100220301321?
100220301320
In base 16, what is -1b7d8 + -6?
-1b7de
In base 3, what is 12010001111202 - 100?
12010001111102
In base 8, what is -10010 - -5320?
-2470
In base 5, what is -224121304324 - 11?
-224121304340
In base 4, what is 10 + 113303003032?
113303003102
In base 9, what is 388 + -128204?
-127705
In base 5, what is 10 - -400410324?
400410334
In base 7, what is 62 - 120545145?
-120545053
In base 13, what is 2 + 17cc82b?
17cc830
In base 5, what is -1202212 + -1041322?
-2244034
In base 13, what is -106a6c10 + -3?
-106a6c13
In base 16, what is -313b6 + -498?
-3184e
In base 7, what is 6 - 142363645?
-142363636
In base 6, what is 442032 + 11143?
453215
In base 11, what is 471 + -37814?
-37353
In base 2, what is -1001101110110000110010 - 10111?
-1001101110110001001001
In base 16, what is -22 - -12ded?
12dcb
In base 9, what is -5 - -671486322?
671486316
In base 10, what is -4 + -70426288?
-70426292
In base 15, what is -6c8 - -31e?
-3a9
In base 3, what is 12 - 11021001200022?
-11021001200010
In base 5, what is -344300 + 11113?
-333132
In base 14, what is -67221 - 13?
-67234
In base 15, what is -234 - -4e9a?
4c66
In base 12, what is -b3355 + 7bb?
-b2756
In base 16, what is 1 + f769d3?
f769d4
In base 13, what is -2 + -23a9477a?
-23a9477c
In base 5, what is -114110400 - -120?
-114110230
In base 9, what is -23158266 - 11?
-23158277
In base 15, what is 2 + -161ae67?
-161ae65
In base 16, what is -217771 + a?
-217767
In base 15, what is -425 + -10a3?
-14c8
In base 7, what is -430230 + -2235?
-432465
In base 3, what is 100212201020 - 10012112?
100202111201
In base 11, what is -24 - -4530661?
4530638
In base 13, what is -49 + 125846?
1257ca
In base 11, what is 335 - 26353?
-26019
In base 9, what is 21862 + 1154?
23126
In base 12, what is 57b104 - -1?
57b105
In base 16, what is -10ed + -e939?
-fa26
In base 7, what is -12 - 31554021?
-31554033
In base 12, what is -1989b + a8b?
-18a10
In base 15, what is -93a - 7ea?
-1235
In base 3, what is 1212011102221110 + -12?
1212011102221021
In base 13, what is 169 + -24a0a?
-24871
In base 11, what is 19814 - -1351?
20065
In base 2, what is -111010000 + 10110101000101111001?
10110100111110101001
In base 16, what is -a30 - 74b6?
-7ee6
In base 5, what is 13240330 - 14144?
13221131
In base 11, what is a199680 - 3?
a199678
In base 3, what is -1020120021110 - 20?
-1020120021200
In base 15, what is -123 + 10a1a?
108e7
In base 4, what is 3021120233222 + -3?
3021120233213
In base 13, what is 43 + 2405?
2448
In base 15, what is -3d + 9a23?
99d5
In base 6, what is 4 - 353010113?
-353010105
In base 9, what is 5842617 + 3?
5842621
In base 15, what is -1296 - -68e?
-b07
In base 10, what is 2 - 6106284?
-6106282
In base 16, what is 1 - 1b6b46?
-1b6b45
In base 16, what is 12923d - -31?
12926e
In base 12, what is 1276 - -14a92b?
14bba5
In base 7, what is 5 - -35616433?
35616441
In base 11, what is -11 - -812465?
812454
In base 14, what is 4262955 - -7?
426295c
In base 10, what is -526 + 517320?
516794
In base 16, what is 1 + -219652?
-219651
In base 7, what is 153454441 - 3?
153454435
In base 16, what is -3336 - 174c?
-4a82
In base 9, what is 1761124 - 53?
1761061
In base 5, what is -11203110412 + 4?
-11203110403
In base 11, what is 208 + 497886?
497a93
In base 10, what is -453 + -10098?
-10551
In base 8, what is 271035740 + 12?
271035752
In base 4, what is -11220232100202 - -1?
-11220232100201
In base 11, what is 3 + 63449246?
63449249
In base 2, what is -10000110011010001010 + 1101011?
-10000110011000011111
In base 9, what is -583 + 5104?
4411
In base 14, what is -49 + 2912?
28a7
In base 9, what is -160816 - -1411?
-158405
In base 6, what is -22051132023 + -20?
-22051132043
In base 13, what is 2 + -112b2a6?
-112b2a4
In base 14, what is 2a + -15ca7b4?
-15ca788
In base 8, what is -22073327 - 67?
-22073416
In base 14, what is -7d527 - -bdb?
-7c72a
In base 13, what is -135775 + -475?
-135c1a
In base 2, what is 100111010001100110111 + -1110?
100111010001100101001
In base 9, what is -28 - -7667873?
7667844
In base 2, what is 111010 + 11011011111010?
11011100110100
In base 3, what is -1112220 + 2002221112?
2001101122
In base 7, what is 22310 - 255552?
-233242
In base 15, what is 60 - d84dd?
-d847d
In base 6, what is 101 - 115303200?
-115303055
In base 8, what is 737545 - -17?
737564
In base 15, what is 74 + -51490?
-5141b
In base 9, what is -6123 - -10?
-6113
In base 7, what is -650625 - -542?
-650053
In base 7, what is 351242342 + -25?
351242314
In base 8, what is -466211 - 156?
-466367
In base 10, what is -5741 + -28977?
-34718
In base 13, what is -121a7 - -1b80?
-10327
In base 15, what is -9c12 + -169?
-9d7b
In base 3, what is 101011 + 1001101121?
1001202202
In base 3, what is -211 - 100112020111021?
-100112020112002
In base 10, what is -134259 + -2377?
-136636
In base 8, what is 24006003 + -2?
24006001
In base 11, what is 47909 + -482?
47437
In base 13, what is 3a32a592 + 3?
3a32a595
In base 10, what is 34155 + 591?
34746
In base 9, what is -653703445 + -2?
-653703447
In base 3, what is 22221 + 21022220000?
21100012221
In base 12, what is -843 + -228a?
-2b11
In base 2, what is 0 - -111100001110110110110000111?
111100001110110110110000111
In base 16, what is -61 + -11fab?
-1200c
In base 9, what is 75201365 - -3?
75201368
In base 15, what is 4bb2a9b - -3?
4bb2a9e
In base 9, what is -417 + -66741?
-67258
In base 7, what is -2102401 - 0?
-2102401
In base 4, what is -11 + 13210330022001?
13210330021330
In base 8, what is -32 - 3146333?
-3146365
In base 4, what is 10013233103220 - -10?
10013233103230
In base 2, what is -101011110001011000010010 + 1001?
-101011110001011000001001
In base 7, what is 1234 - 253400?
-252133
In base 6, what is -5155315 + -35?